ppose -3*j - 2 = -14. Suppose -g - 4*b = -0*g - r, -3*g = j*b - 425. Is g a prime number?
False
Let c = -3 - -5. Let p be -12*(-1)/(c/43). Let y = p + -53. Is y a prime number?
False
Let o be (0 + -1)/(-1*(-1)/(-1993)). Suppose 285 = 2*p - o. Is p a prime number?
False
Let h(m) = 5*m + 60. Let s be h(-12). Suppose s = -6*i - 13*i + 12863. Is i composite?
False
Let i(y) = -y**2 - 24*y + 8. Let c be i(-12). Let o be (-4)/18 + c/36. Suppose 0*w = o*w - 152. Is w a prime number?
False
Let r(g) = g + 9. Let m be r(-7). Suppose -v + y + 0*y + 215 = 0, -2 = m*y. Suppose -2*a + f = -7*a + v, 2*a - f = 87. Is a prime?
True
Suppose 2*i - 16*x = -18*x + 31094, 4*i - 62174 = 3*x. Is i a prime number?
False
Suppose 3*h = 3*f - 517 + 2458, 2*f + 1944 = 3*h. Suppose 0 = -j - 2*g + 375, -7*g + 747 = 2*j - 2*g. Let y = h - j. Is y a prime number?
True
Suppose z + 0*l - 1311 = 5*l, 3*z - l = 3933. Suppose -3*y - 2*y - h + z = 0, 1072 = 4*y - 5*h. Is y a composite number?
False
Let r = -478 + 642. Let w = -3 + 6. Is -3 + (r - 9/w) prime?
False
Let l = 3188 - 2148. Suppose 4*v - l = 636. Is v composite?
False
Let k be 7/14 + 6/4. Suppose u + 4*g - 527 = 0, 0*u + k*u = -3*g + 1054. Is u a prime number?
False
Let c(p) = -3*p + 15. Let u be c(3). Is 0/(1 - (-3 + u)) + 677 a composite number?
False
Let c = 62360 - 39603. Is c a prime number?
False
Suppose -g = -7*d + 3*d + 3, -4*g - 2*d = -24. Suppose -g*r = -10*r + 3385. Is r prime?
True
Let i(l) = -15*l**2 + 3*l - 3. Let y(v) = -16*v**2 + 3*v - 4. Let p(z) = -3*i(z) + 2*y(z). Let c be p(-6). Suppose -4*o + 685 = -c. Is o a prime number?
True
Let u = -114 - -116. Suppose u*p - 715 = 115. Is p composite?
True
Suppose -2*d - d + 9 = 0, -17267 = -4*w - 5*d. Is w prime?
False
Let m be ((-12)/(-9))/((-10)/(-6945)). Suppose 5*k + 2*z - 3*z - m = 0, -4*z - 374 = -2*k. Is k a prime number?
False
Let i(n) = 114*n**2 - 85*n - 39. Is i(16) prime?
False
Let w(h) = 5*h**2 + 8*h + 35. Is w(8) a composite number?
False
Let a = 5969 + -2543. Suppose 7*x = x + a. Is x prime?
True
Suppose -5*z = -4*z - 37. Let i = -169 - -154. Let l = z + i. Is l composite?
True
Suppose -3*i + 3*f + 85041 = 0, -1 - 9 = -5*f. Is i a composite number?
False
Let x(q) = 7*q - 63. Let z be x(9). Suppose z = 3*j + n - 30, -n + 40 = 4*j + 2*n. Is j prime?
False
Let g(o) = 2532*o - 15. Let p be g(2). Suppose -2*n = 1901 - p. Is n a prime number?
False
Let u(o) = -o + 7. Let l(a) = -a**3 + 8*a**2 + 10*a - 3. Let f be l(9). Let t be u(f). Is (4 - 3)*437*t a composite number?
True
Let b(w) = -1236*w - 305. Is b(-17) a prime number?
True
Let r be (-3)/(-15) + (-18)/(-10). Let i be 3*(0 - (-4)/r). Suppose 0*t - 5*t - 462 = -4*v, 3*t = i. Is v composite?
True
Suppose 2*g + 5 = -1. Let q be (0 - g)*(-1 - -2). Suppose q*s - n + 2*n = 1279, 0 = -4*s - n + 1706. Is s a prime number?
False
Suppose 16 = 5*m - 3*m - 2*v, -v + 70 = 5*m. Let b(u) = 7*u - 14. Is b(m) composite?
True
Suppose 5879 - 1081 = 2*p. Let c = p + -1155. Suppose 0 = 4*k + 400 - c. Is k a prime number?
True
Suppose -139*p + 154*p = 711885. Is p composite?
False
Let k be (1 - (4 - 1))*-6. Is ((-529)/(-92))/(1/k) composite?
True
Suppose -p = -4*k - 489 + 167, -3*k = 5*p - 1587. Suppose 5*n - 3463 = -3*j, j = n + p + 831. Is j a prime number?
True
Is 908*143/44 + -1 + 9 a prime number?
False
Is (6 - -2)*(-107)/(-4) prime?
False
Suppose -2 = -3*l + 2*w, -8*w + 3*w + 29 = l. Suppose 3*h + h + 4748 = 4*i, i + l*h - 1187 = 0. Is i composite?
False
Let p(u) = -347*u - 41. Let d be p(4). Let q = d + 3086. Is q composite?
False
Let s be (-2)/(-2) - (-3 - -6). Suppose z = -4*g + 4 + 16, 4*g = z + 20. Is (z - -3 - -96) + s a composite number?
False
Suppose -g = 5*o - 231680, -g - 26567 + 211910 = 4*o. Is o composite?
False
Let s(u) = 13303*u + 6. Is s(1) prime?
True
Suppose 5*w - 5*d - 122585 = 206305, -5*w = -3*d - 328888. Is w a prime number?
True
Let f = 12 - 27. Let q be 294*(2 + f/10). Suppose c + 290 = 2*o - c, o = 2*c + q. Is o a prime number?
False
Let s(k) = -159*k - 3. Let x be 3/9 - 400/(-15). Let z = -31 + x. Is s(z) composite?
True
Suppose 0*t = 5*t - 585. Suppose -t + 1740 = 3*d. Is d a composite number?
False
Let v = -69 - -151. Is v a composite number?
True
Suppose -v + 3 = 0, 10*k - 20271 = 7*k + 4*v. Is k prime?
True
Let v(a) = -290*a + 3. Let m be v(-4). Let g = 1826 - m. Suppose 893 = 4*f - g. Is f a prime number?
True
Suppose 0 = 4*a - 4*k - 14396, 815 = -3*a - 4*k + 11584. Is a a prime number?
False
Suppose -3*f = b - 2, 3*f - 7 + 25 = 3*b. Suppose 8*u = -3*q + 3*u + 8558, b*u = -25. Is q composite?
False
Let b = 6598 - 3765. Is b a prime number?
True
Suppose 7*i = a + 6*i - 22, -128 = -5*a - i. Suppose 3*m - 27 - 15 = 0. Suppose p - m = a. Is p composite?
True
Is 82/(-1189) + (-27233)/(-29) a composite number?
True
Let f = -8499 - -30838. Is f prime?
False
Let a be 20/(-32)*-13 - (-1)/(-8). Let s = 1404 + -753. Suppose -a*i - s = -15*i. Is i prime?
False
Let d(j) = 5*j**3 - 6*j**2 - 30*j - 15. Let r(g) = -4*g**3 + 7*g**2 + 29*g + 15. Let y(h) = 5*d(h) + 6*r(h). Is y(-8) a composite number?
False
Suppose 0 = -113*z + 112*z + 2062. Is z composite?
True
Let c(t) be the third derivative of -t**6/120 + t**5/3 - 7*t**4/12 + 13*t**3/3 + t**2. Is c(19) a prime number?
False
Let j be 36/10 - 18/(-45). Suppose j*m - 10 = 2*m, -5*m + 1972 = 3*r. Is r prime?
False
Let k = 4750 - 2747. Is k a prime number?
True
Suppose -21*h = -20*h - 18749. Is h composite?
False
Suppose -2*p + 4*d = -1366, -3*p - d = 834 - 2848. Is p prime?
True
Suppose -m + 5*r + 18 = -4*m, -r = 3*m + 18. Is (-982)/m - 2/3 a prime number?
True
Let o be 3 - -5 - (-8)/(2/(-1)). Suppose -n + 39 = o*f, -n + 0*f + 4 = -3*f. Is n prime?
True
Let s(v) = -8*v - 5. Let r(d) be the third derivative of d**5/60 + 5*d**4/12 + 3*d**3/2 - 9*d**2. Let f be r(-8). Is s(f) a composite number?
True
Let t(p) = 24*p - 227. Is t(25) a composite number?
False
Let i = 1252 + 721. Is -1*(5 - 3)/((-2)/i) prime?
True
Let o = -5137 + 13175. Is o a prime number?
False
Let k = -3883 - -9144. Is k prime?
True
Let a(k) = -k**3 - 19*k**2 - 27*k - 41. Is a(-18) a composite number?
True
Suppose 4*c + 6818 = 2*i, -36*i + 10215 = -33*i - 2*c. Is i a prime number?
False
Let l(g) = -g**2 - 9*g + 16. Let t be l(-11). Is 8163/t*8/(-12) a composite number?
False
Let g = 14155 - 10106. Is g a prime number?
True
Let m(p) = 4*p + 27. Let q be m(-6). Suppose 0 = -q*c + 4*c - 3207. Is c a composite number?
True
Is (50 + -343)*(-1 - 0) a prime number?
True
Suppose 6*w - 15 = w. Suppose -4*r - 41 = -c + 6*c, -5*c = -w*r + 13. Is (-17)/c - 2/5 prime?
True
Let u = 1944 - 379. Is u a composite number?
True
Suppose 5*x - m - 35282 = 0, 2*x + 2*x + 2*m = 28234. Is x a composite number?
False
Let v = -75 + 106. Let b = v - 32. Is ((-6)/(-6))/(b/(-106)) composite?
True
Suppose -3 = -m - 5*i + 3*i, 0 = -5*m + 4*i + 1. Is 0/6 + -4 - m*-1367 composite?
True
Let d = -1 - -11. Is (9 - d)*514/(-2) composite?
False
Let j be 2/12 - 737/66. Let n(x) = -x**3 - 12*x**2 - 27*x - 15. Is n(j) a composite number?
True
Let s be (-3 - -5 - 3)/1. Is s/(((-10)/2876)/5) prime?
False
Suppose -q - 23178 = -4*x - 5899, 3*x + 2*q = 12973. Is x prime?
False
Let u(c) = 5*c - 50. Let z be u(12). Let l(t) be the second derivative of -t**3/6 + 7*t**2 - t. Is l(z) composite?
True
Let w(v) be the third derivative of v**5/15 + v**4/8 - 2*v**3/3 - 11*v**2. Suppose -4*j + 13 = -11. Is w(j) a prime number?
False
Suppose 0 = 3*k + 4*v - 8609, 3*k - 8599 = -3*v + 4*v. Is k prime?
False
Let y(q) = -406*q + 21. Is y(-13) composite?
True
Let v = -1862 + 3867. Suppose 0 = -3*x - 796 + v. Is x prime?
False
Is -14 + 9 + 5/(5/79756) a prime number?
False
Let b(i) = 5*i**2 + 18*i + 32. Is b(-17) prime?
True
Let w be -4 + (3/6)/((-4)/41896). Let g = w + 7808. Is g prime?
False
Let m(n) = -13*n**3 + 5*n**2 - 15*n - 17. Let v(y) = 6*y**3 - 2*y**2 + 7*y + 8. Let r(o) = -3*m(o) - 7*v(o). Is r(-4) prime?
False
Let o(w) = -w**2 + 17*w + 8. Let q be o(6). Suppose 0 = -25*u + 23*u + q. Is u a composite number?
False
Suppose 44 = 3*t + 5*w, 5*t + 5*w - 60 = -0*w. Let r = t - 5. Suppose 223 = r*a - 4*b, -4*a + 151 + 109 = 4*b. Is a prime?
False
Suppose -d - 2*d = -9. Suppose 2*t = -d*n + 1716 + 34, 0 = -n - 2*t + 590. Suppose -5*f = -1845 